actors of 9217954.
2, 61, 75557
What are the prime factors of 1439066?
2, 719533
What are the prime factors of 71362?
2, 31, 1151
List the prime factors of 788690.
2, 5, 7, 19, 593
List the prime factors of 414534.
2, 3, 59, 1171
What are the prime factors of 2580956?
2, 7, 92177
What are the prime factors of 35869?
35869
List the prime factors of 21610067.
21610067
What are the prime factors of 960373?
960373
List the prime factors of 1850341.
1850341
What are the prime factors of 937156?
2, 11, 19, 59
What are the prime factors of 17329391?
1013, 17107
List the prime factors of 1906613.
1906613
What are the prime factors of 595022?
2, 29, 10259
List the prime factors of 777948.
2, 3, 241, 269
What are the prime factors of 1318833?
3, 29, 31, 163
List the prime factors of 1467376.
2, 91711
What are the prime factors of 1630101?
3, 11, 47, 1051
List the prime factors of 766236.
2, 3, 63853
What are the prime factors of 1821279?
3, 607093
List the prime factors of 228521.
228521
List the prime factors of 1069540.
2, 5, 53, 1009
What are the prime factors of 563376?
2, 3, 11, 97
What are the prime factors of 2547725?
5, 101, 1009
List the prime factors of 111552.
2, 3, 7, 83
List the prime factors of 10879527.
3, 67, 113, 479
What are the prime factors of 2493456?
2, 3, 7, 41, 181
List the prime factors of 12365593.
12365593
What are the prime factors of 736670?
2, 5, 11, 37, 181
What are the prime factors of 4166373?
3, 1388791
What are the prime factors of 35134140?
2, 3, 5, 585569
What are the prime factors of 28436382?
2, 3, 13, 121523
List the prime factors of 486309.
3, 47, 3449
List the prime factors of 2573831.
13, 37, 5351
What are the prime factors of 17994530?
2, 5, 1799453
List the prime factors of 35486.
2, 11, 1613
List the prime factors of 583478.
2, 7, 71, 587
List the prime factors of 940094.
2, 47, 73, 137
List the prime factors of 976832.
2, 15263
List the prime factors of 120152.
2, 23, 653
What are the prime factors of 2548328?
2, 59, 5399
What are the prime factors of 86054?
2, 17, 2531
What are the prime factors of 11566762?
2, 5783381
What are the prime factors of 548117?
548117
List the prime factors of 1684754.
2, 79, 10663
List the prime factors of 601070.
2, 5, 60107
What are the prime factors of 13807589?
13807589
What are the prime factors of 3843192?
2, 3, 79, 2027
List the prime factors of 3679964.
2, 673, 1367
List the prime factors of 1177485.
3, 5, 23, 3413
What are the prime factors of 3556190?
2, 5, 11, 2939
What are the prime factors of 3154179?
3, 7, 43, 499
List the prime factors of 21919067.
509, 43063
List the prime factors of 28701943.
28701943
List the prime factors of 11061693.
3, 1229077
List the prime factors of 957878.
2, 409, 1171
List the prime factors of 9191896.
2, 7, 19, 53, 163
What are the prime factors of 1080027?
3, 13, 17, 181
What are the prime factors of 2296565?
5, 459313
List the prime factors of 258281.
17, 15193
What are the prime factors of 1978494?
2, 3, 7, 17, 163
List the prime factors of 991334.
2, 495667
List the prime factors of 53439.
3, 47, 379
List the prime factors of 1040285.
5, 208057
What are the prime factors of 3356029?
31, 73, 1483
What are the prime factors of 11547571?
7, 47, 35099
What are the prime factors of 12297095?
5, 491, 5009
What are the prime factors of 5853753?
3, 23, 28279
List the prime factors of 126954.
2, 3, 2351
List the prime factors of 705800.
2, 5, 3529
List the prime factors of 299370.
2, 3, 5, 17, 587
What are the prime factors of 3283013?
1291, 2543
List the prime factors of 699973.
29, 24137
List the prime factors of 2740814.
2, 1370407
What are the prime factors of 193318?
2, 163, 593
List the prime factors of 508454.
2, 37, 6871
List the prime factors of 2162176.
2, 41, 103
List the prime factors of 130339.
11, 17, 41
List the prime factors of 1303655.
5, 127, 2053
What are the prime factors of 6908729?
6908729
What are the prime factors of 537396?
2, 3, 19, 2357
What are the prime factors of 23784?
2, 3, 991
What are the prime factors of 714137?
37, 19301
What are the prime factors of 53285?
5, 10657
What are the prime factors of 292184?
2, 36523
List the prime factors of 1550177.
23, 67399
What are the prime factors of 3523092?
2, 3, 137, 2143
List the prime factors of 98838.
2, 3, 17, 19
List the prime factors of 352940.
2, 5, 7, 2521
List the prime factors of 61508.
2, 15377
What are the prime factors of 164337?
3, 54779
List the prime factors of 195997.
195997
What are the prime factors of 4644780?
2, 3, 5, 7, 11059
List the prime factors of 66245.
5, 13249
List the prime factors of 5303960.
2, 5, 97, 1367
List the prime factors of 652038.
2, 3, 109, 997
List the prime factors of 1014083.
7, 317, 457
What are the prime factors of 233903?
17, 13759
List the prime factors of 2459085.
3, 5, 71, 2309
List the prime factors of 2936168.
2, 367021
What are the prime factors of 254695?
5, 7, 19, 383
What are the prime factors of 30069?
3, 13, 257
What are the prime factors of 5378068?
2, 83, 97, 167
What are the prime factors of 515153?
515153
What are the prime factors of 65680?
2, 5, 821
What are the prime factors of 726603?
3, 242201
List the prime factors of 132683.
277, 479
What are the prime factors of 351001?
7, 41, 1223
What are the prime factors of 4651160?
2, 5, 116279
What are the prime factors of 458820?
2, 3, 5, 2549
List the prime factors of 4327082.
2, 23, 109, 863
List the prime factors of 38739.
3, 37, 349
What are the prime factors of 11533771?
11533771
List the prime factors of 324915.
3, 5, 21661
List the prime factors of 468666.
2, 3, 11, 263
List the prime factors of 1074629.
23, 46723
What are the prime factors of 1008821?
11, 91711
List the prime factors of 16379954.
2, 29, 282413
What are the prime factors of 58520?
2, 5, 7, 11, 19
List the prime factors of 1322837.
19, 69623
What are the prime factors of 2146797?
3, 23, 3457
What are the prime factors of 580211?
271, 2141
What are the prime factors of 1934085?
3, 5, 128939
What are the prime factors of 359747?
359747
List the prime factors of 7443396.
2, 3, 199, 1039
List the prime factors of 1773484.
2, 23, 37, 521
List the prime factors of 513207.
3, 127, 449
List the prime factors of 268989.
3, 7, 12809
What are the prime factors of 1395968?
2, 7, 19, 41
List the prime factors of 7308014.
2, 7, 109, 4789
What are the prime factors of 16384492?
2, 31, 229, 577
What are the prime factors of 216446?
2, 108223
List the prime factors of 1595151.
3, 177239
What are the prime factors of 4865829?
3, 137, 11839
What are the prime factors of 33452?
2, 8363
List the prime factors of 22594310.
2, 5, 47, 48073
List the prime factors of 329175.
3, 5, 7, 11, 19
What are the prime factors of 1387651?
227, 6113
What are the prime factors of 441412?
2, 211, 523
What are the prime factors of 80371?
179, 449
What are the prime factors of 523333?
523333
What are the prime factors of 38013?
3, 12671
What are the prime factors of 2008922?
2, 1004461
List the prime factors of 2012664.
2, 3, 17, 4933
What are the prime factors of 2926224?
2, 3, 7, 2903
List the prime factors of 35257.
35257
What are the prime factors of 6140760?
2, 3, 5, 73, 701
What are the prime factors of 511586?
2, 229, 1117
List the prime factors of 9542561.
7, 1363223
What are the prime factors of 6035248?
2, 29, 13007
List the prime factors of 1961628.
2, 3, 163469
List the prime factors of 124595.
5, 24919
What are the prime factors of 3528318?
2, 3, 59, 9967
What are the prime factors of 187511?
19, 71, 139
List the prime factors of 526943.
526943
What are the prime factors of 210797?
277, 761
What are the prime factors of 186103?
186103
What are the prime factors of 172841?
307, 563
List the prime factors of 20064843.
3, 31, 71917
What are the prime factors of 6007289?
2131, 2819
What are the prime factors of 225854?
2, 112927
List the prime factors of 4001590.
2, 5, 19, 21061
List the prime factors of 971398.
2, 37, 13127
List the prime factors of 19430120.
2, 5, 485753
What are the prime factors of 203996?
2, 13, 3923
What are the prime factors of 19571819?
31, 769, 821
List the prime factors of 4396188.
2, 3, 109, 3361
What are the prime factors of 3509007?
3, 1169669
List the prime factors of 15682073.